en thousands digit of 123627?
2
What is the hundred thousands digit of 4720339?
7
What is the tens digit of 47015?
1
What is the ten millions digit of 34168396?
3
What is the hundred thousands digit of 375325?
3
What is the units digit of 23785493?
3
What is the thousands digit of 985799?
5
What is the units digit of 199013?
3
What is the ten thousands digit of 761156?
6
What is the hundreds digit of 2050108?
1
What is the hundreds digit of 546486?
4
What is the millions digit of 4092189?
4
What is the millions digit of 3554593?
3
What is the ten thousands digit of 16433432?
3
What is the thousands digit of 41196?
1
What is the tens digit of 481953?
5
What is the units digit of 133576?
6
What is the hundred thousands digit of 813404?
8
What is the ten millions digit of 24921073?
2
What is the ten thousands digit of 6418175?
1
What is the units digit of 4093883?
3
What is the units digit of 24337?
7
What is the tens digit of 721609?
0
What is the ten thousands digit of 1636635?
3
What is the ten thousands digit of 9365575?
6
What is the ten millions digit of 18850015?
1
What is the hundreds digit of 444824?
8
What is the millions digit of 2010985?
2
What is the hundred thousands digit of 7632445?
6
What is the units digit of 4529?
9
What is the tens digit of 118267?
6
What is the hundred thousands digit of 17685877?
6
What is the ten thousands digit of 672811?
7
What is the tens digit of 260231?
3
What is the millions digit of 3740093?
3
What is the tens digit of 272903?
0
What is the hundred thousands digit of 427134?
4
What is the tens digit of 186813?
1
What is the hundreds digit of 17865739?
7
What is the units digit of 7696856?
6
What is the hundreds digit of 2594739?
7
What is the thousands digit of 9422?
9
What is the thousands digit of 9945660?
5
What is the thousands digit of 565175?
5
What is the millions digit of 2130112?
2
What is the hundreds digit of 606154?
1
What is the millions digit of 2191101?
2
What is the hundreds digit of 161744?
7
What is the units digit of 162544?
4
What is the tens digit of 5289?
8
What is the units digit of 922585?
5
What is the thousands digit of 3976566?
6
What is the millions digit of 1347221?
1
What is the hundreds digit of 160170?
1
What is the millions digit of 1058165?
1
What is the ten thousands digit of 235298?
3
What is the hundreds digit of 5449014?
0
What is the hundreds digit of 105332?
3
What is the units digit of 1828209?
9
What is the tens digit of 212033?
3
What is the thousands digit of 848447?
8
What is the millions digit of 13089302?
3
What is the hundreds digit of 561655?
6
What is the ten thousands digit of 26816824?
1
What is the ten thousands digit of 285633?
8
What is the units digit of 361484?
4
What is the tens digit of 5999993?
9
What is the hundreds digit of 2103351?
3
What is the hundreds digit of 1876909?
9
What is the ten thousands digit of 19484966?
8
What is the hundreds digit of 349539?
5
What is the hundreds digit of 15049062?
0
What is the ten thousands digit of 149547?
4
What is the thousands digit of 1349825?
9
What is the ten thousands digit of 31895527?
9
What is the hundreds digit of 3684297?
2
What is the hundreds digit of 2145551?
5
What is the hundred thousands digit of 240444?
2
What is the ten thousands digit of 1898942?
9
What is the hundred thousands digit of 2965187?
9
What is the tens digit of 4373687?
8
What is the hundreds digit of 1117705?
7
What is the units digit of 539178?
8
What is the units digit of 15538500?
0
What is the hundreds digit of 2325155?
1
What is the thousands digit of 614151?
4
What is the millions digit of 1989696?
1
What is the hundred thousands digit of 30529324?
5
What is the ten thousands digit of 25028407?
2
What is the units digit of 277455?
5
What is the units digit of 2139862?
2
What is the thousands digit of 18818?
8
What is the ten millions digit of 20191855?
2
What is the units digit of 223700?
0
What is the tens digit of 309758?
5
What is the units digit of 7399337?
7
What is the tens digit of 1015077?
7
What is the thousands digit of 259672?
9
What is the tens digit of 143449?
4
What is the hundred thousands digit of 3584043?
5
What is the units digit of 1484226?
6
What is the hundreds digit of 291544?
5
What is the units digit of 5081873?
3
What is the hundred thousands digit of 763001?
7
What is the hundred thousands digit of 4501075?
5
What is the hundred thousands digit of 110527?
1
What is the units digit of 9807860?
0
What is the thousands digit of 146101?
6
What is the thousands digit of 114279?
4
What is the tens digit of 3221402?
0
What is the thousands digit of 20611829?
1
What is the thousands digit of 244002?
4
What is the ten thousands digit of 983214?
8
What is the ten thousands digit of 420068?
2
What is the hundreds digit of 8708?
7
What is the hundreds digit of 133187?
1
What is the ten thousands digit of 47637?
4
What is the hundreds digit of 595492?
4
What is the ten millions digit of 18005303?
1
What is the hundreds digit of 5227600?
6
What is the ten thousands digit of 1750442?
5
What is the hundreds digit of 2817357?
3
What is the hundreds digit of 20509186?
1
What is the hundreds digit of 223244?
2
What is the ten millions digit of 26044022?
2
What is the hundreds digit of 114761?
7
What is the ten thousands digit of 326625?
2
What is the units digit of 4984360?
0
What is the hundred thousands digit of 427593?
4
What is the thousands digit of 743486?
3
What is the units digit of 569060?
0
What is the millions digit of 10755391?
0
What is the hundreds digit of 1106267?
2
What is the units digit of 812786?
6
What is the thousands digit of 2733706?
3
What is the ten thousands digit of 672858?
7
What is the millions digit of 1096468?
1
What is the millions digit of 1113824?
1
What is the tens digit of 228698?
9
What is the ten thousands digit of 420744?
2
What is the tens digit of 164120?
2
What is the ten thousands digit of 473898?
7
What is the hundreds digit of 1188363?
3
What is the ten thousands digit of 24987067?
8
What is the units digit of 764477?
7
What is the hundred thousands digit of 3020532?
0
What is the ten thousands digit of 1325126?
2
What is the tens digit of 220973?
7
What is the hundred thousands digit of 1242488?
2
What is the ten thousands digit of 15620742?
2
What is the ten thousands digit of 846711?
4
What is the ten thousands digit of 6992109?
9
What is the hundreds digit of 3836704?
7
What is the thousands digit of 230612?
0
What is the hundred thousands digit of 208360?
2
What is the thousands digit of 953717?
3
What is the hundred thousands digit of 12347984?
3
What is the hundred thousands digit of 3669656?
6
What is the hundreds digit of 2411711?
7
What is the hundred thousands digit of 726009?
7
What is the tens digit of 465573?
7
What is the hundreds digit of 241927?
9
What is the tens digit of 3626140?
4
What is the hundreds digit of 5379318?
3
What is the thousands digit of 146902?
6
What is the thousands digit of 24674897?
4
What is the hundreds digit of 1745093?
0
What is the thousands digit of 179382?
9
What is the hundred thousands digit of 222204?
2
What is the tens digit of 432073?
7
What is the tens digit of 8378430?
3
What is the tens digit of 2246828?
2
What is the units digit of 1145843?
3
What is the tens digit of 5590919?
1
What is the tens digit of 90543?
4
What is the millions digit of 4847527?
4
What is the ten millions digit of 33498124?
3
What is the units digit of 10802106?
6
What is the millions digit of 2866114?
2
What is the millions digit of 5446934?
5
What is the tens digit of 69319?
1
What is the units digit of 5903611?
1
What is the ten thousands digit of 241364?
4
What is the units digit of 796695?
5
What is the hundred thousands digit of 435090?
4
What is the hundreds digit of 3475245?
2
What is the tens digit of 221413?
1
What is the tens digit of 3714035?
3
What is the units digit of 1237469?
9
What is the hundreds digit of 398985?
9
What is the hundred thousands digit of 773198?
7
What is the hundred thousands digit of 2725404?
7
What is the thousands digit of 1804491?
4
What is the hundreds digit of 264126?
1
What is the ten thousands digit of 397731?
9
What is the thousands digit of 5689142?
9
What is the thousands digit of 743